Suppose -167806 - 124781 = -17*d. What are the prime factors of d?
3, 5737
Suppose 204 + 1191 = 45*s. Let m be (-1 - (-1 - -2)) + 117. Let l = m - s. List the prime factors of l.
2, 3, 7
Let y be (-2)/(-19) + (-10719)/(-513). Suppose -28*i + 8008 = -y*i. List the prime factors of i.
2, 11, 13
Let k(i) = 2*i - 22. Let r be k(14). Suppose 0 = r*q - 344 - 94. What are the prime factors of q?
73
Let g be ((-4)/(-3)*75/50)/(-1). List the prime factors of (131 + g)*1/(1/3).
3, 43
Let d(i) = -19*i - 24 + 22 + 18*i. Let w(l) = -15*l + 24. Let c(t) = -2*d(t) - w(t). List the prime factors of c(9).
7, 19
Let k be (14 - 28)*(-4)/14. Let s(f) = 2*f**3 - 7*f**2 + 5*f + 6. List the prime factors of s(k).
2, 3, 7
Suppose -4*u + 57080 - 12456 = 5*m, 2*u = -2*m + 22312. List the prime factors of u.
2, 2789
Let b(c) = 11*c**2 - 8*c + 17. Let q be b(-7). Let w = q - 300. Suppose 4*o - w = o. What are the prime factors of o?
2, 13
Suppose 2*h - 5*p - 10403 = 0, -3*h - 196 + 15758 = p. List the prime factors of h.
5189
Suppose 14*a - 4*b = 19*a - 78607, -3*a = 2*b - 47163. List the prime factors of a.
11, 1429
Suppose -2*v = 5*k - 12, k + 2*v + 4 = -0*v. Suppose -f = k*n + 2*f + 429, n + 106 = -2*f. Let b = 219 + n. What are the prime factors of b?
3, 37
Suppose -2*b = -8*d + 4*d + 12, 12 = -2*b - 5*d. List the prime factors of 3*6/54 + (-1420)/b.
3, 79
Suppose 0 = -2*f + 218*a - 221*a + 13168, -f = a - 6583. List the prime factors of f.
6581
Let v = 71534 + -44681. What are the prime factors of v?
3, 8951
Let p(k) = k**3 - 11*k**2 - k + 16. Let f be p(11). Suppose -3*c + 1416 = -0*j + 4*j, 2*j = -f*c + 2360. List the prime factors of c.
2, 59
Suppose 273*s - 134*s = 1780507 - 230379. What are the prime factors of s?
2, 17, 41
Suppose 3*p - 3*h + 567 = 0, 2*p - 3*h + 372 = h. Suppose 5*t = 2*t + 933. Let z = t + p. List the prime factors of z.
7, 17
Suppose 6*a + 2*a - 23080 = -2*q, -2*q + 3*a + 23058 = 0. List the prime factors of q.
2, 3, 31
Let a be 1*(-63)/(-12)*12. Suppose -49*r + a*r = 7630. List the prime factors of r.
5, 109
Suppose -2*q = -75 - 33. Suppose 0 = -5*p - q + 64. Suppose -6*s + p*n + 520 = -2*s, s = 4*n + 144. What are the prime factors of s?
2
Let n = -300 + 300. Suppose n = 10*q - 0*q - 2200. List the prime factors of q.
2, 5, 11
Let t = -258 + 259. List the prime factors of (-9)/(5 + 4)*(-309)/t.
3, 103
Suppose 3*j - 2*j - 2360 = 0. Suppose -z = -9*z + j. List the prime factors of z.
5, 59
Let y = -22703 - -50935. What are the prime factors of y?
2, 3529
Let j(h) = 102*h + 88. Let f be j(-5). Let u(w) = -2*w - 38. Let i be u(-20). What are the prime factors of -4 + (f/(-2) - (i + -1))?
2, 103
Suppose -321 = -2*i + 3*p - 49, 0 = 5*i - p - 667. Let r = 274 - i. List the prime factors of r.
3, 47
Let j = -28 + 28. Let i be 4 - (j + (-82 - 0)). Let f = i - 7. List the prime factors of f.
79
Let g(t) = 10570*t**3 - 6*t**2 + 8*t - 3. List the prime factors of g(1).
3, 13, 271
Let i = 3 + 1384. Let g = i + -857. List the prime factors of g.
2, 5, 53
Let s(k) = -45*k**2 - 4*k - 27. Let c be s(4). Let f = 1909 + c. What are the prime factors of f?
2, 3, 191
Suppose 33*w + 45 = 28*w. Let j = w - -9. Suppose j = -5*h - 5*o + 125, 2*h = -5*o + 70 - 20. What are the prime factors of h?
5
List the prime factors of 62101 + -296 - (-7 + -2 - 1).
3, 5, 13, 317
Let f(z) = -22029*z - 3093. What are the prime factors of f(-2)?
3, 5, 2731
Let k(r) = -r**2. Let l(p) = 8*p - 7. Let z be l(1). Let y(c) = 13*c**2 + 18*c - 3. Let d(i) = z*y(i) + 6*k(i). List the prime factors of d(-7).
2, 107
Let r be -2*(-2 - 20/(-8)). Let y = r - -55. Suppose -y = -f + 21. What are the prime factors of f?
3, 5
Suppose -5*a = -8*a + 6. Suppose -2*h = -a*v + 2, 5*h + 1 = -v + 5*v. Suppose -3*y + y + 28 = g, 0 = v*g - 8. List the prime factors of y.
13
Let t be ((-570)/7)/((-1)/7). Let w = 675 - t. What are the prime factors of w?
3, 5, 7
Let k = 151789 - 105494. What are the prime factors of k?
5, 47, 197
Let m(h) = h**3 + 6*h**2 + 5. Let s(q) = -q**2 + 7*q + 12. Let y be s(9). Let f be m(y). What are the prime factors of (1 - -2) + 64 - (f - 1)?
3, 7
Let i(w) be the second derivative of w**4/3 + w**3/6 - w**2/2 + 5*w + 3. What are the prime factors of i(-2)?
13
Let v(g) = -2*g**3 + 15*g**2 + 137*g + 7. List the prime factors of v(-13).
5, 1031
Suppose 0 = -241*w + 240*w + 14325. List the prime factors of w.
3, 5, 191
Let c be (76/(-12) - -4)*-6. Let g be (-30)/7 - (-4)/c. List the prime factors of (8/(-1))/((-510)/125 - g).
2, 5
Let v(q) = -q**2 + 9*q - 18. Let h(d) = -d**3 + 7*d**2 + 12*d + 12. Let m be h(9). Let t = m - -46. List the prime factors of v(t).
2
Suppose 3*o + m = 4343 - 225, 5*o - 3*m - 6840 = 0. Let b = -882 + o. What are the prime factors of b?
3, 163
Suppose 1562 = 8*d - 8158. What are the prime factors of d?
3, 5
Let v be ((-4)/5)/((-18)/159525). Suppose -3822 = -16*i + v. What are the prime factors of i?
2, 11, 31
Let t be (-2)/(-29) - 1612/1508. What are the prime factors of t/((-931)/10668 + (-2)/(-24))?
2, 127
Suppose -2*l + 5*l + 2*z - 2633 = 0, -z = -1. Let u = 1626 - l. What are the prime factors of u?
7, 107
Suppose 232*q - 57 = 229*q. Suppose q*x = 32*x - 6305. List the prime factors of x.
5, 97
Suppose -29*a = -10375 + 1095. Let p(o) = 21*o + 2. Let v be p(-6). Let b = a + v. List the prime factors of b.
2, 7
Let i(m) = 18*m**2 - 62*m + 1431. What are the prime factors of i(19)?
43, 157
Let t(l) = 1. Let c(q) = -q**3 - 29*q**2 + 65*q - 131. Let f(z) = c(z) + 2*t(z). List the prime factors of f(-32).
863
Suppose 6*t - 235 = 47. Suppose -t*p = -44*p - 3801. What are the prime factors of p?
7, 181
Suppose 58*i = -268131 + 2079065. List the prime factors of i.
31223
List the prime factors of 1220/(32*(-4)/(-800)).
5, 61
Let t be ((-4)/(-5))/((-4)/(-60)*6). Suppose -2*l + 0*l = -5*r - 133, t*l = 2*r + 124. Suppose 0 = 2*q - 31 - l. List the prime factors of q.
3, 5
Let c(k) = -k**3 - 5*k**2 - 2*k - 6. Let u(d) = d**3 - 15*d**2 + 15*d - 19. Let z be u(14). Let v be c(z). What are the prime factors of 1895/10 + 6/v?
191
Let x = 361 + 299. Let f = x + -365. List the prime factors of f.
5, 59
Let b(o) = 5*o**2 + 17*o - 76. What are the prime factors of b(47)?
2, 1471
Suppose 35*j + 11*j = 184. Suppose -5*r + 7339 = j*y, 5*r = 3*y - y + 7363. List the prime factors of r.
1471
Let p(d) = 4*d**2 - 13*d + 5. Suppose 75 = 5*c - 4*k, -c = c + 4*k - 58. Suppose -5*t + 2*x = -29, -5*t + 16 + c = -5*x. What are the prime factors of p(t)?
2, 5
Suppose 5*p + 5*h + 15 = 0, 3*h + 4 + 11 = 0. Suppose -15 - 426 = -a. Suppose 0 = 5*z + p*z - a. What are the prime factors of z?
3, 7
Let w(y) = 357*y**2 + 381*y - 4503. What are the prime factors of w(12)?
3, 17159
Suppose 37 = 8*x + 5. Suppose -g - 39*n + 38*n + 97 = 0, 0 = -g - x*n + 91. List the prime factors of g.
3, 11
Let j = 1771 - -2960. List the prime factors of j.
3, 19, 83
Let i(h) = -h. Let a be i(3). Let v be (a - (-2)/1)*(2 - 61). Let y = v + 5. List the prime factors of y.
2
Let c = 278 - 281. What are the prime factors of (-7 - c)/8*(-1058)/1?
23
Let y = -414 + 50. Let r = 497 + y. What are the prime factors of r?
7, 19
Let s = -370 - -375. Suppose -s*t = -6966 + 2391. What are the prime factors of t?
3, 5, 61
Let c(x) = -762*x + 4505. What are the prime factors of c(5)?
5, 139
Let g(b) = 80*b**3 - 21*b**2 + 18*b - 20. List the prime factors of g(5).
5, 23, 83
Let p be (-1 - 1)*-4 + -4. Let d(u) = u + 2*u - p*u + 41. List the prime factors of d(22).
19
Let i be 115*(-4)/(-30)*-3. Let b = -104 - -55. Let t = i - b. List the prime factors of t.
3
Let u be 2 + (-3)/(6/(-38)). Let y(m) = m**3 - 21*m**2 + 18*m + 52. What are the prime factors of y(u)?
2, 5, 43
Let o = 407 - 357. What are the prime factors of (-30)/o - ((-6123)/5 + 0)?
2, 3, 17
Suppose 8 = 2*l + 12. Let z(n) = -451*n + 20. List the prime factors of z(l).
2, 461
Let u(z) = z**3 + 29*z**2 - 28*z + 64. Let k be u(-30). Suppose 5*o = k*o + 148. List the prime factors of o.
2, 37
Let j be (4/(-14) + 60/(-84))*-2. Suppose -4*r + 2*r + 180 = -4*k, 274 = 3*r - 4*k. Suppose -99 = -z + 2*n, z + 3*n + r = j*z. What are the prime factors of z?
109
Let w(p) = 0 + 1 - 29*p - 2*p. Let k be w(-3). What are the prime factors of -2*k/(-12)*3?
47
Let k(w) = 9*w**2 - 4